{"id":1243,"date":"2018-08-05T15:35:35","date_gmt":"2018-08-05T13:35:35","guid":{"rendered":"http:\/\/asdpro.fr\/?page_id=1243"},"modified":"2022-10-23T10:22:55","modified_gmt":"2022-10-23T08:22:55","slug":"je-pense-subir-un-harcelement","status":"publish","type":"page","link":"https:\/\/asdpro.fr\/?page_id=1243","title":{"rendered":"Je pense subir un harc\u00e8lement"},"content":{"rendered":"<p><b>ATTENTION\u00a0:<\/b><\/p>\n<p><strong>Le terme de harc\u00e8lement est souvent employ\u00e9 par les personnes qui souffrent au travail afin de mettre un mot sur ce qu\u2019ils vivent. <\/strong><\/p>\n<p>Or le \u00ab\u00a0harc\u00e8lement moral au travail\u00a0\u00bb est une qualification juridique\u00a0:<\/p>\n<p>Sa d\u00e9finition est\u00a0: \u00ab\u00a0 <em>un\u00a0ensemble<\/em> <strong>d\u2019agissements r\u00e9p\u00e9t\u00e9s<\/strong><em>\u00a0qui ont <strong>pour objet ou pour effet <\/strong>une d\u00e9gradation des conditions de travail susceptible de porter atteinte aux droits du salari\u00e9s et sa dignit\u00e9, d\u2019alt\u00e9rer sa sant\u00e9 physique ou mentale ou de compromettre son avenir professionnel\u00a0\u00bb(article L. 1152-1 du Code du travail)<\/em><\/p>\n<p>Bien que cette d\u00e9finition couvre de nombreuses situations de travail (voir plus loin), l\u2019utilisation de cette qualification juridique ne peut conduire qu\u2019\u00e0 saisir le <strong>tribunal des prud\u2019hommes ou le tribunal administratif<\/strong> (si vous \u00eatres fonctionnaire), vous pourrez aussi saisir le procureur de la r\u00e9publique afin de d\u00e9poser <strong>une plainte au p\u00e9nal<\/strong>.<em>(articles 222-33 et 222-33-2 du Code p\u00e9nal).<\/em><\/p>\n<h6><em><span style=\"font-size: 1.5em;\">La charge de la preuve est \u00ab all\u00e9g\u00e9e \u00bb, c\u2019est-\u00e0-dire que le salari\u00e9 doit apporter des faits qui peuvent\u00a0<strong>faire pr\u00e9sumer des faits de harc\u00e8lement moral<\/strong>. Dans tous les cas il faudra apporter des t\u00e9moignages, pi\u00e8ces mat\u00e9rielles etc\u2026.<\/span><\/em><\/h6>\n<h3><b><strong>Ainsi, d\u00e8s lors que vous utilisez le terme de \u00ab\u00a0harc\u00e8lement\u00a0\u00bb il faut savoir que les d\u00e9marches ne peuvent \u00eatre que judiciaires. Et qu\u2019elles ne conduisent possiblement qu\u2019\u00e0 une indemnisation en dommages et int\u00e9r\u00eats ou \u00e0 une condamnation p\u00e9nale du \u00ab\u00a0harceleur\u00a0\u00bb et\/ou de l\u2019employeur\u00a0 ; <\/strong><\/b><strong><u>mais aucune de ces d\u00e9marches ne conduira \u00e0 la reconnaissance de votre souffrance au titre de la l\u00e9gislation sur les accidents du travail ou des maladies professionnelles.<\/u><\/strong><\/h3>\n<p><b>TOUTEFOIS\u00a0<\/b>:<\/p>\n<p><b>La plupart des cas de souffrance au travail ne sont pas la cons\u00e9quence d\u2019un &#8220;harc\u00e8lement moral&#8221;, mais d\u2019une organisation et\/ou de conditions de travail d\u00e9l\u00e9t\u00e8res pour la sant\u00e9 psychique. <\/b><\/p>\n<p>Ainsi les \u00ab\u00a0agissements r\u00e9p\u00e9t\u00e9s\u00a0\u00bb rel\u00e8vent le plus souvent d\u2019une <b>organisation de travail<\/b> ou de <b>pratiques manag\u00e9riales<\/b> constituants des \u00ab\u00a0facteurs de risques\u00a0\u00bb psychosociaux.<\/p>\n<p>Ces facteurs de risques sont\u00a0:<\/p>\n<ul>\n<li>des exigences du travail trop \u00e9lev\u00e9es (intensit\u00e9 et charge de travail, ambiance mat\u00e9rielle, dur\u00e9e du travail \u2026)<\/li>\n<li>des exigences \u00e9motionnelles trop intenses (contact avec la souffrance d\u2019autrui, devoir cacher ses \u00e9motions, relations au public, peur \u2026)<\/li>\n<li>le manque d\u2019autonomie dans le travail<\/li>\n<li>des rapports sociaux d\u00e9grad\u00e9s (absence de coop\u00e9ration, relations difficiles avec la hi\u00e9rarchie, crit\u00e8res d\u2019\u00e9valuation injustes, violence \u2026)<\/li>\n<li>les conflits de valeur (devoir trahir ses propres valeurs, devoir tricher ou mentir, trouver que son travail n\u2019a \u00ab\u00a0pas de sens\u00a0\u00bb \u2026)<\/li>\n<li>l\u2019ins\u00e9curit\u00e9 des situations de travail (s\u00e9curit\u00e9 d\u2019emploi, restructuration, r\u00e9organisations, d\u00e9localisations\u2026)<\/li>\n<\/ul>\n<p><i>Ces facteurs de risques ont \u00e9t\u00e9 \u00e9labor\u00e9s par le coll\u00e8ge d\u2019expertise sur les risques psychosociaux dans le rapport dit \u00ab\u00a0<a href=\"http:\/\/asdpro.fr\/?page_id=54\">rapport Gollac<\/a>\u00a0\u00bb.\u00a0<\/i><\/p>\n<p><span style=\"font-size: large;\"><b>C\u2019est l\u2019exposition \u00e0 ces facteurs de risques qui constitue un \u00ab\u00a0risque psychosocial\u00a0\u00bb lequel provoque des atteintes \u00e0 la sant\u00e9\u00a0:<\/b><\/span><\/p>\n<p><b>Il n\u2019est donc pas n\u00e9cessaire de passer par la qualification juridique du \u00ab\u00a0harc\u00e8lement\u00a0\u00bb pour faire reconna\u00eetre que le travail est la cause d\u2019un \u00e9tat de souffrance.<\/b><\/p>\n<p><strong>Il suffit que cette souffrance soit qualifi\u00e9e en terme de pathologie (traumatisme psychique, stress post traumatique, anxi\u00e9t\u00e9 g\u00e9n\u00e9ralis\u00e9e, stress aigue, d\u00e9pression r\u00e9actionnelle professionnelle, suicide etc\u2026) certifi\u00e9e par un certificat m\u00e9dical. Et de montrer que cette pathologie est le fait du travail.<\/strong><\/p>\n<p>Le r\u00f4le de notre association est d\u2019accompagner les salari\u00e9s qui se trouvent dans un de ces \u00e9tats de souffrance, en les aidant \u00e0 reconstituer l\u2019histoire de leur travail afin de cerner l\u2019origine de leur souffrance et d\u2019en demander r\u00e9paration au titre des dispositions relatives aux risques professionnels.<\/p>\n<p>C\u2019est \u00e0 dire la reconnaissance de leur \u00e9tat pathologique comme \u00e9tant cons\u00e9cutif \u00e0 un \u00ab\u00a0accident du travail\u00a0\u00bb ou \u00e0 une \u00ab\u00a0maladie professionnelle\u00a0\u00bb.<\/p>\n<p>C\u2019est pour cela que nos actions ne visent qu\u2019aux interventions dans ce domaine aupr\u00e8s soit de la s\u00e9curit\u00e9 sociale ou des commissions de r\u00e9formes de la fonction publique\u00a0; ainsi que devant les tribunaux de grande instance\u00a0 TGI\u00a0 (anciennement lesTASS) ou les tribunaux administratifs.<\/p>\n<p>Nos actions concernent donc essentiellement le code de la s\u00e9curit\u00e9 sociale et le code des pensions civiles et militaires pour les fonctionnaires et accessoirement le code du travail notamment dans l\u2019objectif d\u2019une reconnaissance de la faute inexcusable de l\u2019employeur (laquelle ne peut intervenir qu\u2019apr\u00e8s une reconnaissance d\u2019un AT ou d\u2019une MP).<\/p>\n<p>Nous n\u2019avons pas les comp\u00e9tences pour aider les victimes de harc\u00e8lement devant les tribunaux des prud\u2019hommes ou au p\u00e9nal.<\/p>\n<p>Le harc\u00e8lement moral, qu\u2019il soit ou non reconnu par un tribunal (prudhommal ou correctionnel) et qu\u2019il provoque des atteintes \u00e0 la sant\u00e9\u00a0: ces derni\u00e8res peuvent tout \u00e0 fait faire l\u2019objet d\u2019une reconnaissance au titre des AT ou des MP car le harc\u00e8lement moral est aussi un \u00ab\u00a0facteur de risque psychosocial\u00a0\u00bb.<\/p>\n<p>Vous trouverez un ensemble de jurisprudence sur le sujet en cliquant <a href=\"http:\/\/asdpro.fr\/?page_id=64\">sur ce lien<\/a>.<\/p>\n<div class=\"separator\"><\/div>\n<h2 id=\"contact-title\"><\/h2>\n<div><\/div>\n","protected":false},"excerpt":{"rendered":"ATTENTION\u00a0: Le terme de harc\u00e8lement est souvent employ\u00e9 par les personnes qui souffrent au travail afin de mettre un mot sur ce qu\u2019ils vivent. Or le \u00ab\u00a0harc\u00e8lement moral au travail\u00a0\u00bb est une qualification juridique\u00a0: Sa d\u00e9finition est\u00a0: \u00ab\u00a0 un\u00a0ensemble d\u2019agissements r\u00e9p\u00e9t\u00e9s\u00a0qui ont pour objet ou pour effet une d\u00e9gradation des conditions de travail susceptible de&#8230; <a class=\"view-article\" href=\"https:\/\/asdpro.fr\/?page_id=1243\">Voir l&#8217;article<\/a>","protected":false},"author":1,"featured_media":0,"parent":0,"menu_order":0,"comment_status":"closed","ping_status":"closed","template":"","meta":{"_s2mail":"yes","footnotes":""},"class_list":["post-1243","page","type-page","status-publish","hentry"],"_links":{"self":[{"href":"https:\/\/asdpro.fr\/index.php?rest_route=\/wp\/v2\/pages\/1243","targetHints":{"allow":["GET"]}}],"collection":[{"href":"https:\/\/asdpro.fr\/index.php?rest_route=\/wp\/v2\/pages"}],"about":[{"href":"https:\/\/asdpro.fr\/index.php?rest_route=\/wp\/v2\/types\/page"}],"author":[{"embeddable":true,"href":"https:\/\/asdpro.fr\/index.php?rest_route=\/wp\/v2\/users\/1"}],"replies":[{"embeddable":true,"href":"https:\/\/asdpro.fr\/index.php?rest_route=%2Fwp%2Fv2%2Fcomments&post=1243"}],"version-history":[{"count":7,"href":"https:\/\/asdpro.fr\/index.php?rest_route=\/wp\/v2\/pages\/1243\/revisions"}],"predecessor-version":[{"id":1946,"href":"https:\/\/asdpro.fr\/index.php?rest_route=\/wp\/v2\/pages\/1243\/revisions\/1946"}],"wp:attachment":[{"href":"https:\/\/asdpro.fr\/index.php?rest_route=%2Fwp%2Fv2%2Fmedia&parent=1243"}],"curies":[{"name":"wp","href":"https:\/\/api.w.org\/{rel}","templated":true}]}}