{"id":115,"date":"2018-05-15T17:39:38","date_gmt":"2018-05-15T15:39:38","guid":{"rendered":"http:\/\/asdpro.fr\/?page_id=115"},"modified":"2021-01-27T18:51:02","modified_gmt":"2021-01-27T17:51:02","slug":"vos-questions","status":"publish","type":"page","link":"https:\/\/asdpro.fr\/?page_id=115","title":{"rendered":"Vos questions"},"content":{"rendered":"<div class=\"row\">\n\t\t\t\t\t<a class=\"col-md-5\" href=\"http:\/\/asdpro.fr\/?page_id=45\"><br \/>\n<i class=\"fas fa-question-circle\"><\/i><br \/>\nJe souffre au travail<br \/>\n<\/a><br \/>\n<a class=\"col-md-5 offset-md-1\" href=\"http:\/\/asdpro.fr\/?page_id=47\"><br \/>\n<i class=\"far fa-dot-circle fas\"><\/i><br \/>\nUn de mes proches s&#8217;est suicid\u00e9<br \/>\n<\/a><\/div>\n<div class=\"row\">\n\t\t\t\t\t<a class=\"col-md-5\" href=\"http:\/\/asdpro.fr\/?page_id=86\"><br \/>\n<i class=\"fas fa-info-circle\"><\/i><br \/>\nJe cherche des informations sur les RPS<br \/>\n<\/a><br \/>\n<a class=\"col-md-5 offset-md-1\" href=\"http:\/\/asdpro.fr\/?page_id=1241\"><br \/>\n<i class=\"fas fa-user-friends\"><\/i><br \/>\nNous sommes un syndicat confront\u00e9 \u00e0 des probl\u00e9matiques RPS<br \/>\n<\/a><\/div>\n","protected":false},"excerpt":{"rendered":"Je souffre au travail Un de mes proches s&#8217;est suicid\u00e9 Je cherche des informations sur les RPS Nous sommes un syndicat confront\u00e9 \u00e0 des probl\u00e9matiques RPS","protected":false},"author":1,"featured_media":0,"parent":0,"menu_order":0,"comment_status":"closed","ping_status":"closed","template":"","meta":{"_s2mail":"yes","footnotes":""},"class_list":["post-115","page","type-page","status-publish","hentry"],"_links":{"self":[{"href":"https:\/\/asdpro.fr\/index.php?rest_route=\/wp\/v2\/pages\/115","targetHints":{"allow":["GET"]}}],"collection":[{"href":"https:\/\/asdpro.fr\/index.php?rest_route=\/wp\/v2\/pages"}],"about":[{"href":"https:\/\/asdpro.fr\/index.php?rest_route=\/wp\/v2\/types\/page"}],"author":[{"embeddable":true,"href":"https:\/\/asdpro.fr\/index.php?rest_route=\/wp\/v2\/users\/1"}],"replies":[{"embeddable":true,"href":"https:\/\/asdpro.fr\/index.php?rest_route=%2Fwp%2Fv2%2Fcomments&post=115"}],"version-history":[{"count":8,"href":"https:\/\/asdpro.fr\/index.php?rest_route=\/wp\/v2\/pages\/115\/revisions"}],"predecessor-version":[{"id":1773,"href":"https:\/\/asdpro.fr\/index.php?rest_route=\/wp\/v2\/pages\/115\/revisions\/1773"}],"wp:attachment":[{"href":"https:\/\/asdpro.fr\/index.php?rest_route=%2Fwp%2Fv2%2Fmedia&parent=115"}],"curies":[{"name":"wp","href":"https:\/\/api.w.org\/{rel}","templated":true}]}}